housands digit of 63299?
6
What is the thousands digit of 1486?
1
What is the tens digit of 48827?
2
What is the units digit of 26199?
9
What is the hundreds digit of 4930?
9
What is the hundreds digit of 246?
2
What is the hundreds digit of 1776?
7
What is the hundreds digit of 1027?
0
What is the thousands digit of 9820?
9
What is the hundreds digit of 1844?
8
What is the units digit of 13723?
3
What is the units digit of 237?
7
What is the thousands digit of 6078?
6
What is the units digit of 719?
9
What is the hundreds digit of 3962?
9
What is the ten thousands digit of 10726?
1
What is the ten thousands digit of 151966?
5
What is the thousands digit of 6619?
6
What is the hundreds digit of 22438?
4
What is the thousands digit of 1588?
1
What is the thousands digit of 21640?
1
What is the tens digit of 2560?
6
What is the units digit of 2043?
3
What is the thousands digit of 2356?
2
What is the units digit of 96011?
1
What is the thousands digit of 49025?
9
What is the tens digit of 18447?
4
What is the hundreds digit of 165?
1
What is the units digit of 33?
3
What is the tens digit of 13497?
9
What is the units digit of 59543?
3
What is the tens digit of 5339?
3
What is the tens digit of 2719?
1
What is the hundreds digit of 103793?
7
What is the hundreds digit of 6780?
7
What is the tens digit of 5210?
1
What is the thousands digit of 20994?
0
What is the hundreds digit of 2493?
4
What is the hundreds digit of 6198?
1
What is the units digit of 1319?
9
What is the thousands digit of 3019?
3
What is the tens digit of 1885?
8
What is the units digit of 627?
7
What is the thousands digit of 2542?
2
What is the thousands digit of 1000?
1
What is the units digit of 96580?
0
What is the tens digit of 920?
2
What is the units digit of 1272?
2
What is the ten thousands digit of 99471?
9
What is the tens digit of 1260?
6
What is the ten thousands digit of 54423?
5
What is the hundreds digit of 619?
6
What is the hundreds digit of 688?
6
What is the hundreds digit of 1940?
9
What is the hundreds digit of 5310?
3
What is the thousands digit of 19900?
9
What is the hundreds digit of 1515?
5
What is the hundreds digit of 169?
1
What is the hundreds digit of 1427?
4
What is the tens digit of 5067?
6
What is the thousands digit of 1320?
1
What is the ten thousands digit of 32590?
3
What is the thousands digit of 96153?
6
What is the tens digit of 1398?
9
What is the thousands digit of 1390?
1
What is the tens digit of 114201?
0
What is the tens digit of 190?
9
What is the hundreds digit of 5964?
9
What is the hundreds digit of 2642?
6
What is the hundreds digit of 631?
6
What is the units digit of 195?
5
What is the units digit of 6010?
0
What is the thousands digit of 1621?
1
What is the tens digit of 22?
2
What is the tens digit of 116?
1
What is the thousands digit of 2114?
2
What is the thousands digit of 16161?
6
What is the units digit of 100061?
1
What is the hundreds digit of 732?
7
What is the hundreds digit of 2582?
5
What is the ten thousands digit of 93588?
9
What is the hundreds digit of 6246?
2
What is the thousands digit of 6889?
6
What is the tens digit of 25053?
5
What is the ten thousands digit of 67371?
6
What is the hundreds digit of 30910?
9
What is the units digit of 54052?
2
What is the units digit of 81?
1
What is the units digit of 1302?
2
What is the tens digit of 700?
0
What is the hundreds digit of 22590?
5
What is the tens digit of 26395?
9
What is the units digit of 6391?
1
What is the units digit of 916?
6
What is the thousands digit of 55356?
5
What is the ten thousands digit of 39746?
3
What is the thousands digit of 2370?
2
What is the hundreds digit of 1435?
4
What is the hundreds digit of 34612?
6
What is the thousands digit of 1113?
1
What is the units digit of 54937?
7
What is the thousands digit of 179141?
9
What is the tens digit of 108090?
9
What is the thousands digit of 38264?
8
What is the tens digit of 268?
6
What is the tens digit of 2059?
5
What is the tens digit of 2399?
9
What is the units digit of 21082?
2
What is the thousands digit of 2128?
2
What is the hundreds digit of 30789?
7
What is the units digit of 29511?
1
What is the hundred thousands digit of 137250?
1
What is the thousands digit of 13852?
3
What is the hundreds digit of 11161?
1
What is the tens digit of 341?
4
What is the hundreds digit of 32288?
2
What is the units digit of 8043?
3
What is the thousands digit of 9325?
9
What is the hundreds digit of 1000?
0
What is the tens digit of 24286?
8
What is the units digit of 6090?
0
What is the tens digit of 29406?
0
What is the units digit of 20710?
0
What is the hundreds digit of 30847?
8
What is the units digit of 5599?
9
What is the hundreds digit of 62728?
7
What is the tens digit of 1657?
5
What is the hundreds digit of 181569?
5
What is the ten thousands digit of 101377?
0
What is the units digit of 18433?
3
What is the units digit of 476?
6
What is the thousands digit of 1341?
1
What is the ten thousands digit of 12687?
1
What is the thousands digit of 3920?
3
What is the thousands digit of 4384?
4
What is the hundreds digit of 1981?
9
What is the tens digit of 42495?
9
What is the tens digit of 19529?
2
What is the tens digit of 1100?
0
What is the thousands digit of 2092?
2
What is the units digit of 38915?
5
What is the hundreds digit of 334?
3
What is the tens digit of 4934?
3
What is the hundreds digit of 37094?
0
What is the tens digit of 8959?
5
What is the thousands digit of 23388?
3
What is the units digit of 1355?
5
What is the thousands digit of 4200?
4
What is the hundreds digit of 5819?
8
What is the hundreds digit of 461?
4
What is the ten thousands digit of 78418?
7
What is the tens digit of 1434?
3
What is the tens digit of 121649?
4
What is the thousands digit of 2265?
2
What is the tens digit of 1096?
9
What is the hundreds digit of 8267?
2
What is the thousands digit of 5047?
5
What is the tens digit of 9773?
7
What is the units digit of 1526?
6
What is the tens digit of 7600?
0
What is the thousands digit of 41254?
1
What is the hundreds digit of 7550?
5
What is the units digit of 1709?
9
What is the hundreds digit of 9117?
1
What is the tens digit of 924?
2
What is the units digit of 1282?
2
What is the hundreds digit of 3000?
0
What is the ten thousands digit of 15865?
1
What is the tens digit of 864?
6
What is the hundreds digit of 5080?
0
What is the thousands digit of 124809?
4
What is the ten thousands digit of 112834?
1
What is the thousands digit of 15496?
5
What is the hundreds digit of 6536?
5
What is the thousands digit of 3384?
3
What is the units digit of 14481?
1
What is the hundreds digit of 840?
8
What is the tens digit of 5639?
3
What is the hundreds digit of 382?
3
What is the units digit of 1133?
3
What is the hundreds digit of 273?
2
What is the tens digit of 11344?
4
What is the thousands digit of 11565?
1
What is the units digit of 4663?
3
What is the thousands digit of 75226?
5
What is the units digit of 37850?
0
What is the tens digit of 432?
3
What is the thousands digit of 6741?
6
What is the hundreds digit of 7126?
1
What is the hundreds digit of 29629?
6
What is the tens digit of 710?
1
What is the thousands digit of 10144?
0
What is the hundreds digit of 5685?
6
What is the thousands digit of 7001?
7
What is the hundreds digit of 880?
8
What is the thousands digit of 183196?
3
What is the units digit of 7606?
6
What is the tens digit of 53676?
7
What is the thousands digit of 1066?
1
What is the ten thousands digit of 17037?
1
What is the thousands digit of 7004?
7
What is the hundreds digit of 3685?
6
What is the ten thousands digit of 64042?
6
What is the thousands digit of 31126?
1
What is the units digit of 788?
8
What is the tens digit of 130292?
9
What is the thousands digit of 33811?
3
What is the thousands digit of 37446?
7
What is the tens digit of 125?
2
What is the tens digit of 11764?
6
What is the hundreds digit of 13850?
8
What is the tens digit of 603?
0
What is the hundreds digit of 5063?
0
What is the units digit of 383?
3
What is the thousands digit of 2370?
2
What is the tens digit of 32221?
2
What is the tens digit of 13595?
9
What is the ten thousands digit of 10647?
1
What is the units digit of 3504?
4
What is 